{"id":3544,"date":"2015-09-08T22:19:02","date_gmt":"2015-09-09T01:19:02","guid":{"rendered":"http:\/\/www.guster.com.br\/?page_id=3544"},"modified":"2023-04-12T17:30:47","modified_gmt":"2023-04-12T20:30:47","slug":"porqueusarguster-automotiva-marcador-temperatura-automotivo","status":"publish","type":"page","link":"https:\/\/guster.com.br\/catalogo\/porqueusarguster-automotiva-marcador-temperatura-automotivo\/","title":{"rendered":"Automotiva"},"content":{"rendered":"<p>Instrumenta\u00e7\u00e3o digital para: autom\u00f3veis, caminh\u00f5es, \u00f4nibus, karts, motos, triciclos, etc.<\/p>\n<p>Apresenta vantagens\u00a0\u00a0em rela\u00e7\u00e3o a instrumenta\u00e7\u00e3o anal\u00f3gica ou convencional: precis\u00e3o, medi\u00e7\u00f5es r\u00e1pidas e confi\u00e1veis ,visualiza\u00e7\u00e3o com recursos inteligentes.<\/p>\n<p>Produtos diferenciados, inovadores e bonitos.<\/p>\n<p>Diversos acess\u00f3rios\u00a0para:<\/p>\n<ul>\n<li>Diversificar, ampliar aplica\u00e7\u00f5es e agregar funcionalidade aos instrumentos:\u00a0 sensores, alarmes ( Sonoros e Visuais), atuadores , redutores de tens\u00e3o, m\u00f3dulos de voz, mem\u00f3ria, comunica\u00e7\u00e3o de dados, etc.<\/li>\n<\/ul>\n<ul>\n<li>Facilitar e dar acabamento nas instala\u00e7\u00f5es: molduras, suportes, copos e abra\u00e7adeiras, gabinetes, pain\u00e9is, conectores, adaptadores de roscas,travas, etc.<\/li>\n<\/ul>\n<p>Modelos para uso interno (para ambientes protegidos de \u00e1gua) e externo (resistentes a \u00e1gua).<\/p>\n<p>N\u00e3o cont\u00e9m pe\u00e7as mec\u00e2nicas sujeitas a desgastes, manuten\u00e7\u00f5es , nem aferi\u00e7\u00f5es peri\u00f3dicas.<\/p>\n<p>Seguran\u00e7a, n\u00e3o precisa de mangueiras para combust\u00edvel, \u00f3leo, etc. sensores eletr\u00f4nicos afastados \u00a0interligados por fios, evitando riscos de acidentes ou vazamentos com l\u00edquidos e gases perigosos\/ aquecidos\/inflam\u00e1veis.<\/p>\n<p>Suporte t\u00e9cnico local, n\u00e3o dependemos de informa\u00e7\u00f5es do exterior.<\/p>\n<p>Exemplos de aplica\u00e7\u00f5es:<\/p>\n<ul>\n<li>\u00a0Composi\u00e7\u00f5es de pain\u00e9is;<\/li>\n<li>\u00a0Personaliza\u00e7\u00f5es;<\/li>\n<li>\u00a0Carros el\u00e9tricos;<\/li>\n<li>\u00a0M\u00e1quinas \u00a0pesadas: carros de bombeiros, guindastes, empilhadeiras, betoneiras, trens, etc.<\/li>\n<\/ul>\n<ul>\n<li>Grau de Prote\u00e7\u00e3o IP-64 (Linha Standard)<\/li>\n<\/ul>\n<p>Acesso a loja virtual, <a href=\"https:\/\/guster.com.br\/\" target=\"_blank\" rel=\"noopener\">clique aqui<\/a>\u00a0. Para mais informa\u00e7\u00f5es em Fale Conosco,\u00a0<a href=\"https:\/\/guster.com.br\/catalogo\/fale-conosco\/\" target=\"_blank\" rel=\"noopener\">clique aqui<\/a>.<\/p>\n","protected":false},"excerpt":{"rendered":"<p>Instrumenta\u00e7\u00e3o digital para: autom\u00f3veis, caminh\u00f5es, \u00f4nibus, karts, motos, triciclos, etc. Apresenta vantagens\u00a0\u00a0em rela\u00e7\u00e3o a instrumenta\u00e7\u00e3o anal\u00f3gica ou convencional: precis\u00e3o, medi\u00e7\u00f5es r\u00e1pidas e confi\u00e1veis ,visualiza\u00e7\u00e3o com recursos inteligentes. Produtos diferenciados, inovadores e bonitos. Diversos acess\u00f3rios\u00a0para: Diversificar, ampliar aplica\u00e7\u00f5es e agregar funcionalidade aos instrumentos:\u00a0 sensores, alarmes ( Sonoros e Visuais), atuadores , redutores de tens\u00e3o, m\u00f3dulos de <a href='https:\/\/guster.com.br\/catalogo\/porqueusarguster-automotiva-marcador-temperatura-automotivo\/' class='excerpt-more'>[&#8230;]<\/a><\/p>\n","protected":false},"author":1,"featured_media":0,"parent":0,"menu_order":0,"comment_status":"closed","ping_status":"open","template":"","meta":{"footnotes":""},"class_list":["post-3544","page","type-page","status-publish","hentry","post-seq-1","post-parity-odd","meta-position-line-bottom","fix"],"yoast_head":"<!-- This site is optimized with the Yoast SEO plugin v24.3 - https:\/\/yoast.com\/wordpress\/plugins\/seo\/ -->\n<title>marcador temperatura automotivo - Guster - Cat\u00e1logo<\/title>\n<meta name=\"description\" content=\"Marcador temperatura automotivo. Medidor combustivel automotivo. Sinaleira painel carro. Contagiros automotivo. Fabricante. Velocimetros GPS.\" \/>\n<meta name=\"robots\" content=\"index, follow, max-snippet:-1, max-image-preview:large, max-video-preview:-1\" \/>\n<link rel=\"canonical\" href=\"https:\/\/guster.com.br\/catalogo\/porqueusarguster-automotiva-marcador-temperatura-automotivo\/\" \/>\n<meta property=\"og:locale\" content=\"pt_BR\" \/>\n<meta property=\"og:type\" content=\"article\" \/>\n<meta property=\"og:title\" content=\"marcador temperatura automotivo - Guster - Cat\u00e1logo\" \/>\n<meta property=\"og:description\" content=\"Marcador temperatura automotivo. Medidor combustivel automotivo. Sinaleira painel carro. Contagiros automotivo. Fabricante. Velocimetros GPS.\" \/>\n<meta property=\"og:url\" content=\"https:\/\/guster.com.br\/catalogo\/porqueusarguster-automotiva-marcador-temperatura-automotivo\/\" \/>\n<meta property=\"og:site_name\" content=\"Guster - Cat\u00e1logo\" \/>\n<meta property=\"article:modified_time\" content=\"2023-04-12T20:30:47+00:00\" \/>\n<meta name=\"twitter:card\" content=\"summary_large_image\" \/>\n<meta name=\"twitter:label1\" content=\"Est. tempo de leitura\" \/>\n\t<meta name=\"twitter:data1\" content=\"1 minuto\" \/>\n<script type=\"application\/ld+json\" class=\"yoast-schema-graph\">{\"@context\":\"https:\/\/schema.org\",\"@graph\":[{\"@type\":\"WebPage\",\"@id\":\"https:\/\/guster.com.br\/catalogo\/porqueusarguster-automotiva-marcador-temperatura-automotivo\/\",\"url\":\"https:\/\/guster.com.br\/catalogo\/porqueusarguster-automotiva-marcador-temperatura-automotivo\/\",\"name\":\"marcador temperatura automotivo - Guster - Cat\u00e1logo\",\"isPartOf\":{\"@id\":\"https:\/\/guster.com.br\/catalogo\/#website\"},\"datePublished\":\"2015-09-09T01:19:02+00:00\",\"dateModified\":\"2023-04-12T20:30:47+00:00\",\"description\":\"Marcador temperatura automotivo. Medidor combustivel automotivo. Sinaleira painel carro. Contagiros automotivo. Fabricante. Velocimetros GPS.\",\"breadcrumb\":{\"@id\":\"https:\/\/guster.com.br\/catalogo\/porqueusarguster-automotiva-marcador-temperatura-automotivo\/#breadcrumb\"},\"inLanguage\":\"pt-BR\",\"potentialAction\":[{\"@type\":\"ReadAction\",\"target\":[\"https:\/\/guster.com.br\/catalogo\/porqueusarguster-automotiva-marcador-temperatura-automotivo\/\"]}]},{\"@type\":\"BreadcrumbList\",\"@id\":\"https:\/\/guster.com.br\/catalogo\/porqueusarguster-automotiva-marcador-temperatura-automotivo\/#breadcrumb\",\"itemListElement\":[{\"@type\":\"ListItem\",\"position\":1,\"name\":\"In\u00edcio\",\"item\":\"https:\/\/guster.com.br\/catalogo\/\"},{\"@type\":\"ListItem\",\"position\":2,\"name\":\"Automotiva\"}]},{\"@type\":\"WebSite\",\"@id\":\"https:\/\/guster.com.br\/catalogo\/#website\",\"url\":\"https:\/\/guster.com.br\/catalogo\/\",\"name\":\"Guster - Cat\u00e1logo\",\"description\":\"A Guster \u00e9 uma empresa brasileira a 18 anos no mercado com tecnologia pr\u00f3pria no desenvolvimento e fabrica\u00e7\u00e3o de instrumentos digitais industriais, automotivos, n\u00e1uticos e aeron\u00e1uticos.\",\"publisher\":{\"@id\":\"https:\/\/guster.com.br\/catalogo\/#organization\"},\"potentialAction\":[{\"@type\":\"SearchAction\",\"target\":{\"@type\":\"EntryPoint\",\"urlTemplate\":\"https:\/\/guster.com.br\/catalogo\/?s={search_term_string}\"},\"query-input\":{\"@type\":\"PropertyValueSpecification\",\"valueRequired\":true,\"valueName\":\"search_term_string\"}}],\"inLanguage\":\"pt-BR\"},{\"@type\":\"Organization\",\"@id\":\"https:\/\/guster.com.br\/catalogo\/#organization\",\"name\":\"Guster Instrumentos Digitais\",\"url\":\"https:\/\/guster.com.br\/catalogo\/\",\"logo\":{\"@type\":\"ImageObject\",\"inLanguage\":\"pt-BR\",\"@id\":\"https:\/\/guster.com.br\/catalogo\/#\/schema\/logo\/image\/\",\"url\":\"https:\/\/www.guster.com.br\/wp-content\/uploads\/2022\/02\/GUSTER2020.png\",\"contentUrl\":\"https:\/\/www.guster.com.br\/wp-content\/uploads\/2022\/02\/GUSTER2020.png\",\"width\":150,\"height\":35,\"caption\":\"Guster Instrumentos Digitais\"},\"image\":{\"@id\":\"https:\/\/guster.com.br\/catalogo\/#\/schema\/logo\/image\/\"}}]}<\/script>\n<!-- \/ Yoast SEO plugin. -->","yoast_head_json":{"title":"marcador temperatura automotivo - Guster - Cat\u00e1logo","description":"Marcador temperatura automotivo. Medidor combustivel automotivo. Sinaleira painel carro. Contagiros automotivo. Fabricante. Velocimetros GPS.","robots":{"index":"index","follow":"follow","max-snippet":"max-snippet:-1","max-image-preview":"max-image-preview:large","max-video-preview":"max-video-preview:-1"},"canonical":"https:\/\/guster.com.br\/catalogo\/porqueusarguster-automotiva-marcador-temperatura-automotivo\/","og_locale":"pt_BR","og_type":"article","og_title":"marcador temperatura automotivo - Guster - Cat\u00e1logo","og_description":"Marcador temperatura automotivo. Medidor combustivel automotivo. Sinaleira painel carro. Contagiros automotivo. Fabricante. Velocimetros GPS.","og_url":"https:\/\/guster.com.br\/catalogo\/porqueusarguster-automotiva-marcador-temperatura-automotivo\/","og_site_name":"Guster - Cat\u00e1logo","article_modified_time":"2023-04-12T20:30:47+00:00","twitter_card":"summary_large_image","twitter_misc":{"Est. tempo de leitura":"1 minuto"},"schema":{"@context":"https:\/\/schema.org","@graph":[{"@type":"WebPage","@id":"https:\/\/guster.com.br\/catalogo\/porqueusarguster-automotiva-marcador-temperatura-automotivo\/","url":"https:\/\/guster.com.br\/catalogo\/porqueusarguster-automotiva-marcador-temperatura-automotivo\/","name":"marcador temperatura automotivo - Guster - Cat\u00e1logo","isPartOf":{"@id":"https:\/\/guster.com.br\/catalogo\/#website"},"datePublished":"2015-09-09T01:19:02+00:00","dateModified":"2023-04-12T20:30:47+00:00","description":"Marcador temperatura automotivo. Medidor combustivel automotivo. Sinaleira painel carro. Contagiros automotivo. Fabricante. Velocimetros GPS.","breadcrumb":{"@id":"https:\/\/guster.com.br\/catalogo\/porqueusarguster-automotiva-marcador-temperatura-automotivo\/#breadcrumb"},"inLanguage":"pt-BR","potentialAction":[{"@type":"ReadAction","target":["https:\/\/guster.com.br\/catalogo\/porqueusarguster-automotiva-marcador-temperatura-automotivo\/"]}]},{"@type":"BreadcrumbList","@id":"https:\/\/guster.com.br\/catalogo\/porqueusarguster-automotiva-marcador-temperatura-automotivo\/#breadcrumb","itemListElement":[{"@type":"ListItem","position":1,"name":"In\u00edcio","item":"https:\/\/guster.com.br\/catalogo\/"},{"@type":"ListItem","position":2,"name":"Automotiva"}]},{"@type":"WebSite","@id":"https:\/\/guster.com.br\/catalogo\/#website","url":"https:\/\/guster.com.br\/catalogo\/","name":"Guster - Cat\u00e1logo","description":"A Guster \u00e9 uma empresa brasileira a 18 anos no mercado com tecnologia pr\u00f3pria no desenvolvimento e fabrica\u00e7\u00e3o de instrumentos digitais industriais, automotivos, n\u00e1uticos e aeron\u00e1uticos.","publisher":{"@id":"https:\/\/guster.com.br\/catalogo\/#organization"},"potentialAction":[{"@type":"SearchAction","target":{"@type":"EntryPoint","urlTemplate":"https:\/\/guster.com.br\/catalogo\/?s={search_term_string}"},"query-input":{"@type":"PropertyValueSpecification","valueRequired":true,"valueName":"search_term_string"}}],"inLanguage":"pt-BR"},{"@type":"Organization","@id":"https:\/\/guster.com.br\/catalogo\/#organization","name":"Guster Instrumentos Digitais","url":"https:\/\/guster.com.br\/catalogo\/","logo":{"@type":"ImageObject","inLanguage":"pt-BR","@id":"https:\/\/guster.com.br\/catalogo\/#\/schema\/logo\/image\/","url":"https:\/\/www.guster.com.br\/wp-content\/uploads\/2022\/02\/GUSTER2020.png","contentUrl":"https:\/\/www.guster.com.br\/wp-content\/uploads\/2022\/02\/GUSTER2020.png","width":150,"height":35,"caption":"Guster Instrumentos Digitais"},"image":{"@id":"https:\/\/guster.com.br\/catalogo\/#\/schema\/logo\/image\/"}}]}},"_links":{"self":[{"href":"https:\/\/guster.com.br\/catalogo\/wp-json\/wp\/v2\/pages\/3544","targetHints":{"allow":["GET"]}}],"collection":[{"href":"https:\/\/guster.com.br\/catalogo\/wp-json\/wp\/v2\/pages"}],"about":[{"href":"https:\/\/guster.com.br\/catalogo\/wp-json\/wp\/v2\/types\/page"}],"author":[{"embeddable":true,"href":"https:\/\/guster.com.br\/catalogo\/wp-json\/wp\/v2\/users\/1"}],"replies":[{"embeddable":true,"href":"https:\/\/guster.com.br\/catalogo\/wp-json\/wp\/v2\/comments?post=3544"}],"version-history":[{"count":0,"href":"https:\/\/guster.com.br\/catalogo\/wp-json\/wp\/v2\/pages\/3544\/revisions"}],"wp:attachment":[{"href":"https:\/\/guster.com.br\/catalogo\/wp-json\/wp\/v2\/media?parent=3544"}],"curies":[{"name":"wp","href":"https:\/\/api.w.org\/{rel}","templated":true}]}}