{"id":8711,"date":"2024-09-04T16:51:54","date_gmt":"2024-09-04T19:51:54","guid":{"rendered":"https:\/\/guster.com.br\/catalogo\/?page_id=8711"},"modified":"2025-06-09T08:41:39","modified_gmt":"2025-06-09T11:41:39","slug":"instrumentos-automotivos","status":"publish","type":"page","link":"https:\/\/guster.com.br\/catalogo\/instrumentos-automotivos\/","title":{"rendered":"YouTube \/ Instagram \/ Facebook"},"content":{"rendered":"\n<p>Com muitas possibilidades de combina\u00e7\u00f5es de cores, formatos, tamanhos, combinados de instrumentos e acabamentos.&nbsp;<\/p>\n\n\n\n<p>Para uma mesma aplica\u00e7\u00e3o, temos modelos com alternativas que permitem agregar funcionalidade, est\u00e9tica diferenciada, dar acabamento e facilitar nas instala\u00e7\u00f5es dos instrumentos.<\/p>\n\n\n\n<p>Veja VIDEO sobre instrumentos Guster para INDUSTRIA : no Youtube,<a href=\"https:\/\/www.youtube.com\/watch?v=XUF177s2p1I\" target=\"_blank\" rel=\"noreferrer noopener\">\u00a0<strong>clique aqui<\/strong><\/a>, ou no Instagram,<strong><a href=\"https:\/\/www.instagram.com\/p\/DKewzXbqXSM\/\" target=\"_blank\" rel=\"noreferrer noopener\">\u00a0clique aqui<\/a><\/strong>.<\/p>\n\n\n\n<p>Veja VIDEO sobre Acabamento dos instrumentos Guster: no Youtube,<a href=\"https:\/\/www.youtube.com\/watch?v=atMIt2lIdno\" target=\"_blank\" rel=\"noreferrer noopener\">&nbsp;<strong>clique aqui<\/strong><\/a>, ou no Instagram,<strong><a href=\"https:\/\/www.instagram.com\/p\/DKczfRpqKYZ\/\" target=\"_blank\" rel=\"noreferrer noopener\">&nbsp;clique aqui<\/a><\/strong>.<\/p>\n\n\n\n<p>Veja VIDEO sobre Acessorios e Opcionais para os instrumentos Guster: no Youtube,<a href=\"https:\/\/www.youtube.com\/watch?v=COqfaedNr_Q\" target=\"_blank\" rel=\"noreferrer noopener\">&nbsp;<strong>clique aqui<\/strong><\/a>, ou no Instagram,<strong><a href=\"https:\/\/www.instagram.com\/p\/DKczplPKesk\/\" target=\"_blank\" rel=\"noreferrer noopener\">&nbsp;clique aqui<\/a><\/strong>.<\/p>\n\n\n\n<p>Veja VIDEO sobre Multifuncionais ou Instrumentos Combinados ou Paineis Guster: no Youtube,<a href=\"https:\/\/www.youtube.com\/watch?v=CqstfSjChuw&amp;t=19s\" target=\"_blank\" rel=\"noreferrer noopener\">&nbsp;<strong>clique aqui<\/strong><\/a>, ou no Instagram,<strong><a href=\"https:\/\/www.instagram.com\/p\/DKczS4hKhQ1\/\" target=\"_blank\" rel=\"noreferrer noopener\">&nbsp;clique aqui<\/a><\/strong>.<\/p>\n\n\n\n<p class=\"has-text-align-left\">Outros VIDEOS tamb\u00e9m est\u00e3o disponiveis:<\/p>\n\n\n\n<ul class=\"wp-block-list\">\n<li>visual  de alguns modelos de instrumentos<\/li>\n<\/ul>\n\n\n\n<ul class=\"wp-block-list\">\n<li>visual de alguns modelos de acessorios<\/li>\n<\/ul>\n\n\n\n<ul class=\"wp-block-list\">\n<li>como instalar cada instrumento<\/li>\n<\/ul>\n\n\n\n<ul class=\"wp-block-list\">\n<li>alternativas de sensores para diferentes aplica\u00e7\u00f5es<\/li>\n<\/ul>\n\n\n\n<ul class=\"wp-block-list\">\n<li>alguns modelos instalados por clientes<\/li>\n<\/ul>\n\n\n\n<ul class=\"wp-block-list\">\n<li>grava\u00e7\u00e3o programa\u00e7\u00e3o de veloc\u00edmetros da Guster<\/li>\n<\/ul>\n\n\n\n<p>Acesse link do <strong>YouTube<\/strong> para ver : <a href=\"https:\/\/www.youtube.com\/@GusterInstrumentos\" target=\"_blank\" rel=\"noreferrer noopener\"><strong>Clique aqui<\/strong><\/a><\/p>\n\n\n\n<p>Acesse link do<strong> Instagram <\/strong>para ver : <a href=\"https:\/\/www.instagram.com\/vendasguster\/profilecard\/?igsh=dWJ3aGl4NGI0dHk3\" target=\"_blank\" rel=\"noreferrer noopener\" class=\"broken_link\"><strong>Clique aqui<\/strong><\/a><\/p>\n\n\n\n<p>Acesse link do <strong>Facebook<\/strong> para ver : <a href=\"https:\/\/www.facebook.com\/share\/1GJffu7DeX\/?mibextid=LQQJ4d\" target=\"_blank\" rel=\"noreferrer noopener\"><strong>Clique aqui<\/strong><\/a><\/p>\n","protected":false},"excerpt":{"rendered":"<p>Com muitas possibilidades de combina\u00e7\u00f5es de cores, formatos, tamanhos, combinados de instrumentos e acabamentos.&nbsp; Para uma mesma aplica\u00e7\u00e3o, temos modelos com alternativas que permitem agregar funcionalidade, est\u00e9tica diferenciada, dar acabamento e facilitar nas instala\u00e7\u00f5es dos instrumentos. Veja VIDEO sobre instrumentos Guster para INDUSTRIA : no Youtube,\u00a0clique aqui, ou no Instagram,\u00a0clique aqui. Veja VIDEO sobre Acabamento <a href='https:\/\/guster.com.br\/catalogo\/instrumentos-automotivos\/' class='excerpt-more'>[&#8230;]<\/a><\/p>\n","protected":false},"author":1,"featured_media":0,"parent":0,"menu_order":0,"comment_status":"closed","ping_status":"closed","template":"","meta":{"footnotes":""},"class_list":["post-8711","page","type-page","status-publish","hentry","post-seq-1","post-parity-odd","meta-position-line-bottom","fix"],"yoast_head":"<!-- This site is optimized with the Yoast SEO plugin v24.3 - https:\/\/yoast.com\/wordpress\/plugins\/seo\/ -->\n<title>Instrumentos automotivos - Guster - Cat\u00e1logo<\/title>\n<meta name=\"description\" content=\"Instrumentos automotivos. Guster \u00e9 empresa brasileira com tecnologia pr\u00f3pria para automotivos, industriais, n\u00e1uticos, agricolas e aeron\u00e1uticos\" \/>\n<meta name=\"robots\" content=\"index, follow, max-snippet:-1, max-image-preview:large, max-video-preview:-1\" \/>\n<link rel=\"canonical\" href=\"https:\/\/guster.com.br\/catalogo\/instrumentos-automotivos\/\" \/>\n<meta property=\"og:locale\" content=\"pt_BR\" \/>\n<meta property=\"og:type\" content=\"article\" \/>\n<meta property=\"og:title\" content=\"Instrumentos automotivos - Guster - Cat\u00e1logo\" \/>\n<meta property=\"og:description\" content=\"Instrumentos automotivos. Guster \u00e9 empresa brasileira com tecnologia pr\u00f3pria para automotivos, industriais, n\u00e1uticos, agricolas e aeron\u00e1uticos\" \/>\n<meta property=\"og:url\" content=\"https:\/\/guster.com.br\/catalogo\/instrumentos-automotivos\/\" \/>\n<meta property=\"og:site_name\" content=\"Guster - Cat\u00e1logo\" \/>\n<meta property=\"article:modified_time\" content=\"2025-06-09T11:41:39+00:00\" \/>\n<meta name=\"twitter:card\" content=\"summary_large_image\" \/>\n<meta name=\"twitter:label1\" content=\"Est. tempo de leitura\" \/>\n\t<meta name=\"twitter:data1\" content=\"1 minuto\" \/>\n<script type=\"application\/ld+json\" class=\"yoast-schema-graph\">{\"@context\":\"https:\/\/schema.org\",\"@graph\":[{\"@type\":\"WebPage\",\"@id\":\"https:\/\/guster.com.br\/catalogo\/instrumentos-automotivos\/\",\"url\":\"https:\/\/guster.com.br\/catalogo\/instrumentos-automotivos\/\",\"name\":\"Instrumentos automotivos - Guster - Cat\u00e1logo\",\"isPartOf\":{\"@id\":\"https:\/\/guster.com.br\/catalogo\/#website\"},\"datePublished\":\"2024-09-04T19:51:54+00:00\",\"dateModified\":\"2025-06-09T11:41:39+00:00\",\"description\":\"Instrumentos automotivos. Guster \u00e9 empresa brasileira com tecnologia pr\u00f3pria para automotivos, industriais, n\u00e1uticos, agricolas e aeron\u00e1uticos\",\"breadcrumb\":{\"@id\":\"https:\/\/guster.com.br\/catalogo\/instrumentos-automotivos\/#breadcrumb\"},\"inLanguage\":\"pt-BR\",\"potentialAction\":[{\"@type\":\"ReadAction\",\"target\":[\"https:\/\/guster.com.br\/catalogo\/instrumentos-automotivos\/\"]}]},{\"@type\":\"BreadcrumbList\",\"@id\":\"https:\/\/guster.com.br\/catalogo\/instrumentos-automotivos\/#breadcrumb\",\"itemListElement\":[{\"@type\":\"ListItem\",\"position\":1,\"name\":\"In\u00edcio\",\"item\":\"https:\/\/guster.com.br\/catalogo\/\"},{\"@type\":\"ListItem\",\"position\":2,\"name\":\"YouTube \/ Instagram \/ Facebook\"}]},{\"@type\":\"WebSite\",\"@id\":\"https:\/\/guster.com.br\/catalogo\/#website\",\"url\":\"https:\/\/guster.com.br\/catalogo\/\",\"name\":\"Guster - Cat\u00e1logo\",\"description\":\"A Guster \u00e9 uma empresa brasileira a 18 anos no mercado com tecnologia pr\u00f3pria no desenvolvimento e fabrica\u00e7\u00e3o de instrumentos digitais industriais, automotivos, n\u00e1uticos e aeron\u00e1uticos.\",\"publisher\":{\"@id\":\"https:\/\/guster.com.br\/catalogo\/#organization\"},\"potentialAction\":[{\"@type\":\"SearchAction\",\"target\":{\"@type\":\"EntryPoint\",\"urlTemplate\":\"https:\/\/guster.com.br\/catalogo\/?s={search_term_string}\"},\"query-input\":{\"@type\":\"PropertyValueSpecification\",\"valueRequired\":true,\"valueName\":\"search_term_string\"}}],\"inLanguage\":\"pt-BR\"},{\"@type\":\"Organization\",\"@id\":\"https:\/\/guster.com.br\/catalogo\/#organization\",\"name\":\"Guster Instrumentos Digitais\",\"url\":\"https:\/\/guster.com.br\/catalogo\/\",\"logo\":{\"@type\":\"ImageObject\",\"inLanguage\":\"pt-BR\",\"@id\":\"https:\/\/guster.com.br\/catalogo\/#\/schema\/logo\/image\/\",\"url\":\"https:\/\/www.guster.com.br\/wp-content\/uploads\/2022\/02\/GUSTER2020.png\",\"contentUrl\":\"https:\/\/www.guster.com.br\/wp-content\/uploads\/2022\/02\/GUSTER2020.png\",\"width\":150,\"height\":35,\"caption\":\"Guster Instrumentos Digitais\"},\"image\":{\"@id\":\"https:\/\/guster.com.br\/catalogo\/#\/schema\/logo\/image\/\"}}]}<\/script>\n<!-- \/ Yoast SEO plugin. -->","yoast_head_json":{"title":"Instrumentos automotivos - Guster - Cat\u00e1logo","description":"Instrumentos automotivos. Guster \u00e9 empresa brasileira com tecnologia pr\u00f3pria para automotivos, industriais, n\u00e1uticos, agricolas e aeron\u00e1uticos","robots":{"index":"index","follow":"follow","max-snippet":"max-snippet:-1","max-image-preview":"max-image-preview:large","max-video-preview":"max-video-preview:-1"},"canonical":"https:\/\/guster.com.br\/catalogo\/instrumentos-automotivos\/","og_locale":"pt_BR","og_type":"article","og_title":"Instrumentos automotivos - Guster - Cat\u00e1logo","og_description":"Instrumentos automotivos. Guster \u00e9 empresa brasileira com tecnologia pr\u00f3pria para automotivos, industriais, n\u00e1uticos, agricolas e aeron\u00e1uticos","og_url":"https:\/\/guster.com.br\/catalogo\/instrumentos-automotivos\/","og_site_name":"Guster - Cat\u00e1logo","article_modified_time":"2025-06-09T11:41:39+00:00","twitter_card":"summary_large_image","twitter_misc":{"Est. tempo de leitura":"1 minuto"},"schema":{"@context":"https:\/\/schema.org","@graph":[{"@type":"WebPage","@id":"https:\/\/guster.com.br\/catalogo\/instrumentos-automotivos\/","url":"https:\/\/guster.com.br\/catalogo\/instrumentos-automotivos\/","name":"Instrumentos automotivos - Guster - Cat\u00e1logo","isPartOf":{"@id":"https:\/\/guster.com.br\/catalogo\/#website"},"datePublished":"2024-09-04T19:51:54+00:00","dateModified":"2025-06-09T11:41:39+00:00","description":"Instrumentos automotivos. Guster \u00e9 empresa brasileira com tecnologia pr\u00f3pria para automotivos, industriais, n\u00e1uticos, agricolas e aeron\u00e1uticos","breadcrumb":{"@id":"https:\/\/guster.com.br\/catalogo\/instrumentos-automotivos\/#breadcrumb"},"inLanguage":"pt-BR","potentialAction":[{"@type":"ReadAction","target":["https:\/\/guster.com.br\/catalogo\/instrumentos-automotivos\/"]}]},{"@type":"BreadcrumbList","@id":"https:\/\/guster.com.br\/catalogo\/instrumentos-automotivos\/#breadcrumb","itemListElement":[{"@type":"ListItem","position":1,"name":"In\u00edcio","item":"https:\/\/guster.com.br\/catalogo\/"},{"@type":"ListItem","position":2,"name":"YouTube \/ Instagram \/ Facebook"}]},{"@type":"WebSite","@id":"https:\/\/guster.com.br\/catalogo\/#website","url":"https:\/\/guster.com.br\/catalogo\/","name":"Guster - Cat\u00e1logo","description":"A Guster \u00e9 uma empresa brasileira a 18 anos no mercado com tecnologia pr\u00f3pria no desenvolvimento e fabrica\u00e7\u00e3o de instrumentos digitais industriais, automotivos, n\u00e1uticos e aeron\u00e1uticos.","publisher":{"@id":"https:\/\/guster.com.br\/catalogo\/#organization"},"potentialAction":[{"@type":"SearchAction","target":{"@type":"EntryPoint","urlTemplate":"https:\/\/guster.com.br\/catalogo\/?s={search_term_string}"},"query-input":{"@type":"PropertyValueSpecification","valueRequired":true,"valueName":"search_term_string"}}],"inLanguage":"pt-BR"},{"@type":"Organization","@id":"https:\/\/guster.com.br\/catalogo\/#organization","name":"Guster Instrumentos Digitais","url":"https:\/\/guster.com.br\/catalogo\/","logo":{"@type":"ImageObject","inLanguage":"pt-BR","@id":"https:\/\/guster.com.br\/catalogo\/#\/schema\/logo\/image\/","url":"https:\/\/www.guster.com.br\/wp-content\/uploads\/2022\/02\/GUSTER2020.png","contentUrl":"https:\/\/www.guster.com.br\/wp-content\/uploads\/2022\/02\/GUSTER2020.png","width":150,"height":35,"caption":"Guster Instrumentos Digitais"},"image":{"@id":"https:\/\/guster.com.br\/catalogo\/#\/schema\/logo\/image\/"}}]}},"_links":{"self":[{"href":"https:\/\/guster.com.br\/catalogo\/wp-json\/wp\/v2\/pages\/8711","targetHints":{"allow":["GET"]}}],"collection":[{"href":"https:\/\/guster.com.br\/catalogo\/wp-json\/wp\/v2\/pages"}],"about":[{"href":"https:\/\/guster.com.br\/catalogo\/wp-json\/wp\/v2\/types\/page"}],"author":[{"embeddable":true,"href":"https:\/\/guster.com.br\/catalogo\/wp-json\/wp\/v2\/users\/1"}],"replies":[{"embeddable":true,"href":"https:\/\/guster.com.br\/catalogo\/wp-json\/wp\/v2\/comments?post=8711"}],"version-history":[{"count":0,"href":"https:\/\/guster.com.br\/catalogo\/wp-json\/wp\/v2\/pages\/8711\/revisions"}],"wp:attachment":[{"href":"https:\/\/guster.com.br\/catalogo\/wp-json\/wp\/v2\/media?parent=8711"}],"curies":[{"name":"wp","href":"https:\/\/api.w.org\/{rel}","templated":true}]}}